t is the value of (14 - 2) + -6 + -2?
4
5 + -1 - (29 - 24) - 0
-1
What is -12 + -3 + -2 + (5 - -8)?
-4
What is 5 - 5 - 4 - -2?
-2
What is (161 - 163) + 1 + 0 + 2?
1
Calculate 8 - (-6 + 21 - 6).
-1
-11 - (-14 - -1 - -10)
-8
What is 9 + -11 + 0 + 11?
9
Evaluate (-3 - 1 - (2 + -6)) + -5.
-5
Calculate -9 + 0 + 14 + -5.
0
What is the value of 5 + (-2 - 4) - 0 - -4?
3
What is (1 - 2 - -2) + (0 - -1)?
2
Evaluate -6 + (5 - -6) + -5 + 3.
3
Calculate 11 + -10 + 0 + -3.
-2
What is (5 + 3 - 4) + 0 + -1?
3
Calculate 1 + 1 + (20 - 22).
0
-11 - ((3 - 9) + 4)
-9
Evaluate 2 + 1 - (241 + -239).
1
What is -1 - (-4 + 1 - -1)?
1
Calculate -4 + 0 + 4 + (7 - 1).
6
What is -3 + 3 + 0 + 5 + -1?
4
What is 5 - (2 + (-3 - -11 - 11))?
6
What is (-2 - 3) + 0 + 3?
-2
What is the value of 0 - -6 - (-13 + 16)?
3
Evaluate -5 - 6 - (-3 - (-8 - -7)).
-9
What is 2 - (-3 + 4 - (-1 - -2))?
2
Calculate 5 - (-12 - -4 - -9 - -2).
2
What is 0 + (1 - 0) - (-12 - -17)?
-4
(-4 - (3 + -6)) + 3
2
What is (8 - 5) + (-1 - -3)?
5
-1 - (-1 - -2) - (3 + -7)
2
What is the value of 8 + -4 + 2 + -5?
1
What is 10 - (13 - -11) - -14?
0
1 - (0 - -3) - 0 - -1
-1
What is the value of (4 - 6) + -1 + 5?
2
What is (-7 - -6 - 2) + -3?
-6
Evaluate (-4 - -1 - -1) + 2.
0
Evaluate (-1 - (5 - 12)) + -2.
4
What is -2 + (-5 - (-6 + 2)) + -2?
-5
What is the value of 0 - (0 - -1 - (8 - 8))?
-1
Evaluate (4 - 3 - 4) + (7 - 2).
2
What is -1 + 4 + -8 + 4?
-1
What is -1 + 4 - (13 + -5)?
-5
What is the value of (8 + -5 - 6) + 3 + 4?
4
4 - -1 - (-32 + 42)
-5
Evaluate 3 + 5 + -4 + -8.
-4
What is -5 - (-11 + (3 - -7))?
-4
1 + (-1 + (-2 - -2) - -7)
7
3 + -2 + 3 + -3
1
Evaluate -5 + -3 + 3 + 0 + 0.
-5
(-7 - -4) + -1 + 13
9
Evaluate 7 + -6 + -8 + (-1 - -2).
-6
What is the value of -10 + 12 + (1 - 6)?
-3
What is -3 + 0 - (0 - 7)?
4
What is -9 + -6 + 24 - 11?
-2
Calculate -13 - 2 - (-2 - -9 - 15).
-7
What is 1 - (-2 + 10 + -14)?
7
14 + 0 - (-108 + 123)
-1
8 + (2 - 9) - 6
-5
What is the value of -3 + 7 + 1 + -10?
-5
What is (3 - 2) + (-20 - -25) - 6?
0
Calculate 2 - (4 - 4) - (-1 - -2).
1
What is the value of -2 + (1 - (6 + -3 + -3))?
-1
-1 + (-4 + 0 - (-11 - -5))
1
Calculate 7 - (-3 - (-32 - -12)).
-10
What is -10 + 3 + 16 + -5 + -10?
-6
Evaluate -1 + -1 + (-9 - -9).
-2
What is the value of -4 - (-3 - (1 + (-1 - 1)))?
-2
What is (2 - (3 + -5)) + -5?
-1
Evaluate -3 + -2 + 2 + -4 - -2.
-5
What is the value of -1 + 2 - (-10 - -8)?
3
What is (-11 - -6) + -2 - (-12 + 4)?
1
7 - (2 - (2 + -1)) - 0
6
14 - ((14 - 2) + -6)
8
1 + -4 - (-37 - -42)
-8
Calculate -9 + 7 + (1 - (-2 - 0)).
1
Calculate 0 + (4 + 4 + -1 - 2).
5
Calculate 24 - 22 - (0 - (0 + 2)).
4
What is the value of 8 - ((5 + -1 - -6) + 8)?
-10
0 - (0 + -1) - 2
-1
Evaluate 3 - (1 + -1 + 7).
-4
0 + (4 - 3) + 3
4
What is the value of -1 - (-8 + (4 - 0))?
3
Calculate -3 + (2 - (0 + (-5 - -10))).
-6
1 + -10 - (75 + -86)
2
What is -5 + 1 + -4 + 2?
-6
Calculate 10 + 0 + -10 - 1.
-1
What is the value of -2 + 2 - (-10 - -5) - 0?
5
-4 + 2 + 6 - (3 - -1)
0
Calculate 4 + (-2 - 9) + 5 + -2.
-4
(-4 - -13) + -15 + 4
-2
Calculate -14 + 18 + 0 + 0.
4
4 + (-1 - 4) + -4 + 3
-2
What is the value of 2 - (5 + (-3 - 0)) - -1?
1
What is the value of -1 + -10 + (8 - 0) - -5?
2
Calculate 7 - -3 - 7 - (0 + 5).
-2
What is the value of 6 + (0 - 3) + (0 - 1)?
2
(-9 - 1) + 10 + -5
-5
Calculate 4 + (1 + 5 - (37 + -34)).
7
Evaluate 3 + (4 - (-2 - -6)) + -3.
0
What is the value of 0 + 1 + 2 + (132 - 139)?
-4
What is 9 + (13 - (16 - -1))?
5
What is the value of 2 + -3 + 3 + -2 + 1?
1
What is the value of 0 - -11 - (8 - -8)?
-5
What is -6 - -1 - (4 + -10 + 5)?
-4
0 + 3 + 2 - 8
-3
What is the value of (2 - (13 + -9)) + 1 + -1?
-2
What is the value of 67 + -67 + (-1 - -3)?
2
Calculate 29 + -37 - (-12 + 1).
3
What is the value of -7 + 10 - 14 - -7?
-4
Evaluate 7 - 2 - (11 - -1 - 7).
0
What is -3 - 0 - (11 - 16)?
2
What is (-1 - -10) + -6 + (4 - 2)?
5
0 - ((-15 - -11) + 0 + -2)
6
Evaluate 1 + 0 + 2 + 3 + -4.
2
Calculate (-2 - -4) + (-8 - -7) - 8.
-7
What is the value of 2 + (2 - (2 - 0) - 4)?
-2
Evaluate 9 + -15 + 5 + 1 - 1.
-1
(-4 - -2) + (-3 + 5 - 2)
-2
-4 - ((0 - -1) + (1 - 2))
-4
Evaluate (-8 + 21 - 3) + -8 + -8.
-6
What is the value of 8 - (6 + (0 - 5 - -1))?
6
What is the value of 5 - ((4 - 1) + 1 + -2)?
3
Evaluate -3 + (0 - -5) + -7.
-5
Calculate (3 - 7) + 5 + -5 + 7.
3
3 - (5 + -2 + 1 - 0)
-1
What is the value of 50 + -49 + (2 + -1 - -1)?
3
What is 1 + 0 + -2 + (4 - 5)?
-2
Evaluate 2 - (-1 - (0 - 0) - -2).
1
What is (-4 - (-1 - -3)) + 3?
-3
Calculate 6 + (-1 - (-4 + 8)).
1
Calculate -6 + 6 + 2 + 2 + 1.
5
-1 + -1 + -11 + 16 + -5
-2
Evaluate (0 - -2) + (-2 + 2 - 1).
1
Calculate 8 + -4 - -11 - 17.
-2
6 - (7 + -6 - -7)
-2
What is the value of (-2 - -5) + (-4 - 3 - -3)?
-1
Calculate (4 - (-3 + 0 - -10)) + 6.
3
What is 6 + (2 - (-2 - -6))?
4
-6 + (4 + -8 + 1 - -12)
3
Calculate 3 + 3 - (11 - 7).
2
Calculate 1 + (0 - 4) + 7.
4
What is 9 + -8 - (0 - (-1 - -1))?
1
Evaluate 1 + (11 - (-2 - -8)).
6
What is -10 - -3 - (13 - 19)?
-1
1 - -3 - (3 - (-8 + 3))
-4
-4 - 2 - (-14 + 14) - -11
5
-4 + (3 - (10 + -6)) + -1
-6
Calculate (6 - 8) + 0 + 0 + 5.
3
What is 4 - 8 - -6 - 1?
1
Calculate (3 - 10 - -4) + 7.
4
Calculate -1 + (-7 - -5 - -3).
0
What is -4 + (-4 - -5) + 6?
3
What is the value of (1 - -2) + (-30 - -30)?
3
(1 - 1) + -4 - (-9 - -5)
0
6 + -7 + 7 - 2
4
What is -15 - (-21 - -15 - (3 - 1))?
-7
Calculate (15 + -8 - 2) + -3.
2
Calculate (-6 - 4) + (2 - -15).
7
Calculate (-2 - 7 - 0) + 3 + 1.
-5
Calculate 1 + 1 + (-25 - -24).
1
What is 2 + 1 + -6 + 1 + -1?
-3
-3 - (1 + (-6 - (-1 + -5)))
-4
What is the value of 1 - (0 - 2 - (-2 - -4))?
5
Calculate (3 - -2 - 9 - -4) + -1.
-1
Calculate 6 + -2 + -2 + 0.
2
What is the value of (15 - 16) + (-1 - 7)?
-9
-10 - (4 + -7 + 4 - 5)
-6
Calculate -2 - (2 - (-1 - -3)).
-2
-5 + 1 - (-59 - -63)
-8
What is -68 + 71 + (5 - 0)?
8
What is -2 + -7 + 6 + (1 - 2)?
-4
(-16 - -4 - -7) + (2 - 3)
-6
What is (1 - 2) + 7 + -3?
3
Calculate 19 + -28 + (-2 - -3 - -1).
-7
Calculate (1 - -4) + -9 + 8.
4
What is (-2 - -4) + (-6 - -2) + 4?
2
(1 - 6) + (-35 - -36) - 3
-7
What is 3 - (10 - 14 - -4)?
3
What is the value of 0 + -3 - (-8 + (8 - 4))?
1
Calculate (-32 - -10 - -5) + 9.
-8
Calculate 5 - (-1 + 2 + -2) - 15.
-9
Calculate 2 + 7 + -7 + (0 - 3).
-1
What is the value of 1 + 6 - (-8 - -8) - 8?
-1
Calculate (1 + 7 - 15) + 12.
5
What is the value of -1 - -3 - 10 - -4?
-4
Evaluate 4 - (3 + -2 + 1).
2
What is the value of 1 - (1 - 1) - (8 + -8)?
1
-6 + (-8 - (5 - 20))
1
What is (-2 + 9 - (1 - -3)) + 4?
7
Evaluate 0 + 1 + (-1 - 0) + 0.
0
Calculate 0 - (5 + -3 - 0).
-2
What is the value of (-1 - -1) + (-11 + -4 - -8)?
-7
-4 + -2 + (-16 - -19)
-3
-5 + 2 + 6 + 0 - -7
10
Evaluate 5 + (2 + -5 - -1).
3
Calculate 2 + -1 + -7 - -1.
-5
Calculate -17 + -4 + 12 - -1.
-8
Evaluate -3 + (7 - 5 - -1) - -5.
5
Calculate 3 - ((2 - -3) + -29 + 25).
2
Calculate -1 + 3 + (6 - 4 - 7).
-3
6 + (-5 - (6 + -13))
8
What is the value of 2 - 2 - (-52 + 55)?
-3
What is the value of (6 - 4 - -6) + -3?
5
What is the value of 4 - (4 - (3 + (-4 - -3)))?
2
Evaluate -6 + 9 + -1 + -3 - 3.
-4
What is the value of -7 + (1 + 2 + -3 - -7)?
0
Evaluate 7 - 22 - -12 - (1 + -8).
4
What is -3 + -1 + -1 - (-2 - -1)?
-4
(0 - 6) + 16 - 7
3
Calculate (12 - 5) + -11 - -4.
0
What is the value of 6 + (-16 - -9) + (2 - 0)?
1
What is the value of (-3 - (-11 + 3)) + -3?
2
Calculate 1 + 6 - (72 + -72).
7
-7 + 5 + -4 + 7
1
What is -4 + (18 + -5 + 0 - 5)?
4
Calculate -1 + 0 + (4 - 1) + -6.
-4
(-8 - -4 - -2) + 2
0
(-1 + (2 - 4) - -5) + 4
6
Calculate 3 - (0 - (-5 + 4)).
2
What is the value of 7 + (-5 - -2) + -2 + 5?
7
Calculate 4 + -2 + 1 - -2.
5
Calculate -4 - -3 - (1 - 1 - 0).
-1
What is the value of 0 - 0 - -4 - 2?
2
Evaluate 7 - (5 - (-5 - 1)).
-4
What is the value of (27 - 24) + -2 + 1?
2
Calculate (7 - 17) + 15 + -9.
-4
What is -1 + 8 - (5 - -1)?
1
2 - 5 - (0 + 0 - 1)
-2
Calculate 1 - (1 - 2) - (-176 - -180).
-2
3 + 2 - (6 + (5 - 11))
5
What is -6 + 2 - -2 - -3?
1
Evaluate 6 + 1 + -4 + (0 - 0).
3
1 + -3 - ((-2 - 8) + 7)
1
Calculate 30 + -26 + 1 + -6.
-1
Evaluate 5 - (-3 + -5 + 11).
2
Calculate 6 + -4 - (0 + 0).
2
What is the value of (10 - 5) + -3 + (-1 - 0)?
1
Calculate (5 - -3) + (0 - (5 + 14)).
-11
-4 + (-7 - (-1 + -6))
-4
Evaluate 0 - (13 + -10) - -7.
4
Evaluate (